ds digit of 833?
8
What is the tens digit of 3368?
6
What is the hundreds digit of 910?
9
What is the units digit of 9818?
8
What is the hundreds digit of 3950?
9
What is the thousands digit of 17529?
7
What is the hundreds digit of 238?
2
What is the hundreds digit of 3323?
3
What is the hundreds digit of 470?
4
What is the units digit of 8653?
3
What is the thousands digit of 3554?
3
What is the hundreds digit of 5629?
6
What is the units digit of 1635?
5
What is the ten thousands digit of 28684?
2
What is the units digit of 4875?
5
What is the tens digit of 122990?
9
What is the thousands digit of 14683?
4
What is the thousands digit of 7789?
7
What is the units digit of 9476?
6
What is the tens digit of 4881?
8
What is the units digit of 4322?
2
What is the hundreds digit of 31019?
0
What is the ten thousands digit of 96739?
9
What is the ten thousands digit of 107333?
0
What is the hundreds digit of 1700?
7
What is the thousands digit of 67265?
7
What is the units digit of 1114?
4
What is the thousands digit of 2350?
2
What is the hundreds digit of 7421?
4
What is the hundreds digit of 871?
8
What is the hundreds digit of 4818?
8
What is the ten thousands digit of 25980?
2
What is the tens digit of 38634?
3
What is the tens digit of 2201?
0
What is the hundreds digit of 862?
8
What is the units digit of 738?
8
What is the hundreds digit of 1056?
0
What is the tens digit of 7582?
8
What is the units digit of 1562?
2
What is the ten thousands digit of 45119?
4
What is the ten thousands digit of 11950?
1
What is the units digit of 7785?
5
What is the units digit of 5518?
8
What is the tens digit of 9722?
2
What is the tens digit of 1350?
5
What is the units digit of 305?
5
What is the hundreds digit of 20432?
4
What is the hundreds digit of 1054?
0
What is the hundreds digit of 2114?
1
What is the hundreds digit of 21507?
5
What is the thousands digit of 1329?
1
What is the tens digit of 27855?
5
What is the tens digit of 1088?
8
What is the units digit of 59460?
0
What is the hundreds digit of 9806?
8
What is the units digit of 2564?
4
What is the thousands digit of 47060?
7
What is the units digit of 917?
7
What is the units digit of 27415?
5
What is the hundreds digit of 586?
5
What is the thousands digit of 9162?
9
What is the tens digit of 4880?
8
What is the hundreds digit of 1572?
5
What is the hundreds digit of 9971?
9
What is the units digit of 752?
2
What is the units digit of 433?
3
What is the tens digit of 50184?
8
What is the hundreds digit of 365?
3
What is the hundreds digit of 65986?
9
What is the hundreds digit of 9564?
5
What is the hundreds digit of 2401?
4
What is the hundreds digit of 81465?
4
What is the hundreds digit of 974?
9
What is the ten thousands digit of 46776?
4
What is the tens digit of 1072?
7
What is the units digit of 33?
3
What is the thousands digit of 3589?
3
What is the units digit of 8562?
2
What is the tens digit of 2840?
4
What is the tens digit of 2631?
3
What is the thousands digit of 1578?
1
What is the hundreds digit of 16639?
6
What is the units digit of 6765?
5
What is the hundreds digit of 86414?
4
What is the units digit of 772?
2
What is the thousands digit of 3582?
3
What is the hundreds digit of 1191?
1
What is the ten thousands digit of 54490?
5
What is the tens digit of 12125?
2
What is the tens digit of 67596?
9
What is the hundreds digit of 705?
7
What is the thousands digit of 1978?
1
What is the ten thousands digit of 24794?
2
What is the hundreds digit of 122784?
7
What is the tens digit of 2553?
5
What is the hundreds digit of 2877?
8
What is the hundreds digit of 3963?
9
What is the thousands digit of 6706?
6
What is the tens digit of 10?
1
What is the tens digit of 154?
5
What is the thousands digit of 4686?
4
What is the units digit of 51705?
5
What is the thousands digit of 12779?
2
What is the units digit of 415?
5
What is the hundreds digit of 103446?
4
What is the hundreds digit of 1446?
4
What is the ten thousands digit of 19971?
1
What is the ten thousands digit of 33260?
3
What is the units digit of 5875?
5
What is the units digit of 1242?
2
What is the units digit of 166?
6
What is the tens digit of 5237?
3
What is the tens digit of 3207?
0
What is the tens digit of 13347?
4
What is the thousands digit of 8802?
8
What is the hundred thousands digit of 110562?
1
What is the thousands digit of 24853?
4
What is the thousands digit of 22674?
2
What is the tens digit of 3552?
5
What is the ten thousands digit of 30092?
3
What is the thousands digit of 52334?
2
What is the ten thousands digit of 150953?
5
What is the tens digit of 1445?
4
What is the tens digit of 19458?
5
What is the tens digit of 664?
6
What is the tens digit of 26091?
9
What is the hundreds digit of 75103?
1
What is the thousands digit of 9112?
9
What is the tens digit of 841?
4
What is the thousands digit of 31431?
1
What is the hundreds digit of 12792?
7
What is the ten thousands digit of 23883?
2
What is the units digit of 7450?
0
What is the thousands digit of 2688?
2
What is the hundreds digit of 7515?
5
What is the hundreds digit of 6362?
3
What is the thousands digit of 5490?
5
What is the hundreds digit of 5928?
9
What is the thousands digit of 13871?
3
What is the hundreds digit of 1410?
4
What is the tens digit of 9800?
0
What is the tens digit of 1154?
5
What is the units digit of 112627?
7
What is the units digit of 1336?
6
What is the tens digit of 286?
8
What is the hundreds digit of 5448?
4
What is the hundreds digit of 872?
8
What is the tens digit of 18344?
4
What is the units digit of 64954?
4
What is the tens digit of 4759?
5
What is the tens digit of 163726?
2
What is the thousands digit of 9350?
9
What is the thousands digit of 10023?
0
What is the units digit of 130105?
5
What is the hundreds digit of 27867?
8
What is the hundreds digit of 55855?
8
What is the ten thousands digit of 41399?
4
What is the ten thousands digit of 36216?
3
What is the units digit of 40012?
2
What is the hundreds digit of 15002?
0
What is the thousands digit of 48821?
8
What is the hundreds digit of 1618?
6
What is the hundred thousands digit of 152605?
1
What is the thousands digit of 11288?
1
What is the hundreds digit of 918?
9
What is the units digit of 88?
8
What is the thousands digit of 25704?
5
What is the hundreds digit of 2095?
0
What is the units digit of 4?
4
What is the hundreds digit of 3597?
5
What is the thousands digit of 2091?
2
What is the hundreds digit of 17047?
0
What is the hundreds digit of 23487?
4
What is the tens digit of 30571?
7
What is the units digit of 758?
8
What is the tens digit of 27433?
3
What is the tens digit of 7350?
5
What is the thousands digit of 2616?
2
What is the ten thousands digit of 33394?
3
What is the units digit of 1922?
2
What is the hundreds digit of 3786?
7
What is the thousands digit of 48528?
8
What is the units digit of 1604?
4
What is the units digit of 109?
9
What is the units digit of 897?
7
What is the ten thousands digit of 18075?
1
What is the units digit of 2913?
3
What is the units digit of 1303?
3
What is the tens digit of 1035?
3
What is the tens digit of 69626?
2
What is the tens digit of 799?
9
What is the hundreds digit of 1724?
7
What is the units digit of 1677?
7
What is the hundreds digit of 15627?
6
What is the thousands digit of 6582?
6
What is the units digit of 5240?
0
What is the hundreds digit of 1578?
5
What is the tens digit of 189?
8
What is the hundred thousands digit of 106906?
1
What is the thousands digit of 45878?
5
What is the tens digit of 2081?
8
What is the units digit of 42338?
8
What is the thousands digit of 7408?
7
What is the units digit of 11958?
8
What is the hundreds digit of 3973?
9
What is the tens digit of 5299?
9
What is the tens digit of 231?
3
What is the tens digit of 137?
3
What is the hundreds digit of 4837?
8
What is the thousands digit of 32539?
2
What is the tens digit of 6579?
7
What is the hundreds digit of 16033?
0
What is the hundreds digit of 7595?
5
What is the units digit of 8470?
0
What is the ten thousands digit of 34681?
3
What is the tens digit of 24192?
9
What is the units digit of 124?
4
What is the tens digit of 14508?
0
What is the tens digit of 41?
4
What is the units digit o